*n + 12 + 3. Determine q(n).
5
Let k(q) = -q**2 - 10*q - 11. Let j(u) = -u**3 + 2*u**2 + 5*u - 2. Let i be j(3). Suppose 35 = -i*o - 3*b, -2*o - 5*b + 0*b = 21. Calculate k(o).
5
Let v(o) be the first derivative of o**4/4 - 2*o**3/3 - 2*o + 5. Let f be -5 + 4 - 1 - -4. What is v(f)?
-2
Let q(o) = -o + 5. Suppose -2*g = -3*a - 0 + 4, 0 = -5*a + 3*g + 6. Suppose a = -2*n + 4*n. Let c be -2 + n - (1 + 1). Calculate q(c).
9
Let f(q) = 3*q**2 + 4*q**2 + 2*q + 0*q**2 + q**3 + 1 - 3*q**2. Let v be (-1)/2 + 21/(-6). Give f(v).
-7
Let o be (0/1)/(-3 + 1). Let w(m) be the third derivative of 1/60*m**5 + o*m - 1/24*m**4 + 2*m**2 + 1/3*m**3 + 0. What is w(3)?
8
Let j(o) be the third derivative of -o**5/30 - o**4/6 + o**3/6 + 4*o**2. What is j(-3)?
-5
Let g(y) = -3*y - 4*y - 3 - y**3 - 6*y**2 - 1. Calculate g(-4).
-8
Let s be 2/(-6) - 13/(-3). Let r(p) = -3*p**2 + p + s*p - p - 3. Let d(j) = j**2 - j + 2. Let f be d(0). Give r(f).
-7
Let u(b) = -9*b + 7. Suppose 0 = 4*y + 20 - 0. Let c(a) = -14*a + 11. Let o(v) = y*c(v) + 8*u(v). Give o(-3).
7
Let s(o) be the first derivative of -4*o**3 + o**2/2 - 9. What is s(1)?
-11
Let n(l) = l**2 + 6*l + 4. Suppose 32 = x + 3*x. Let b = x - 5. Suppose -2*f = -b*y + 4*y + 3, -2*y - 15 = -5*f. What is n(y)?
-1
Suppose -4*g - 11 = 41. Let a = -8 - g. Let w(k) be the third derivative of k**4/24 + k**3/3 - k**2. Determine w(a).
7
Let r be (18/3)/2 - 1. Suppose r*d + 4*w + 6 = w, 3*d = 4*w + 25. Let i(n) = -n**2 + 2*n. Determine i(d).
-3
Suppose 0 = -3*s + 20 + 13. Let y = -15 + s. Let n(j) = -j**2 - 3*j + 3. What is n(y)?
-1
Let h(s) = 3*s**3 + 3*s**2 + s + 2. Suppose -2*a - 3*r = -5, 0 = -5*a + 2*r + 3*r - 25. Give h(a).
-12
Let i(l) = l**2 + 5*l + 2. Let w(t) be the first derivative of t**4/4 - 2*t**3 - 5*t - 1. Let m be w(6). Calculate i(m).
2
Let v(j) be the second derivative of j**4/12 - 5*j**3/6 - 3*j**2/2 + 5*j. Determine v(4).
-7
Let o(y) be the first derivative of -y**5/120 + 7*y**4/24 - 4*y**3/3 + 7. Let u(k) be the third derivative of o(k). Give u(6).
1
Let s(y) = 2*y. Let v(f) = f. Let l(z) = 6*s(z) - 13*v(z). Let t(k) = -1. Let c(r) = l(r) + 3*t(r). Calculate c(4).
-7
Suppose f = -0*f + 10. Let y(k) = k + 1. Determine y(f).
11
Let l(z) be the second derivative of 1/2*z**2 - z**4 + 6*z + 0 + 0*z**3. Calculate l(1).
-11
Let h(u) = -u. Suppose -2*z + 6 = a, a + a - 16 = -5*z. Let m be (-1 + 1 + a)/(-2). What is h(m)?
-1
Let t(x) = x**3 - 3*x - 2. Let g = 0 + -2. Let z be t(g). Let k(l) = -2*l + 4295 - l**2 - 4291 + 0*l**2. Determine k(z).
-4
Let d be (6/4)/(6/4). Let r(x) = 1 + 3 - 9*x - 6. Let n(c) = 4*c + 1. Let m(a) = 5*n(a) + 2*r(a). Calculate m(d).
3
Let m(c) be the second derivative of -c**4/6 + c**3/6 + 22*c. Determine m(2).
-6
Let j(i) = -i**3 - 6*i**2 - 3*i + 7. Suppose 0 = -f + 1 + 1, 4*h + 14 = -3*f. Give j(h).
-3
Suppose -78 - 10 = 4*a. Let f be 2/8 - a/8. Let s(w) = 3*w**2 + 0*w - 6*w + 2*w + f - w**3. What is s(3)?
-9
Let w(q) = -q**2 - 13*q - 12. Let p be w(-11). Let z(l) = l**2 + 3 + p + 4*l - 11. What is z(-3)?
-1
Let v(k) = -k + 11. Let t(m) = -2*m + 32. Let a(p) = 4*t(p) - 11*v(p). Suppose 5*q - 2*f + 40 = f, 0 = -5*q - 2*f - 15. What is a(q)?
-8
Let y(k) = -7*k - 4 - 2 - 7*k**2 + 2*k + 3. Let j(l) = 6*l**2 + 4*l + 2. Let r(n) = -4*j(n) - 3*y(n). Suppose -1 = 2*o - 3*o. Give r(o).
-3
Let c(l) = 2*l. Let o = 7 - 5. Let u(g) = -2*g**2 + 3*g - 2. Let a be u(o). Calculate c(a).
-8
Let y(i) = i**2 - 5*i + 3. Let k be y(3). Let m be (1 + k)/(-2)*0. Let c(t) = -6*t + 2*t - 4 + 3*t. Calculate c(m).
-4
Let r(t) = -t. Let z(a) = 2*a + 1. Let b(y) = r(y) + z(y). Let g(s) = s + 2. Let h(w) = 3*b(w) - 4*g(w). Calculate h(-5).
0
Let s(t) be the second derivative of t**5/20 + t**4/4 - 4*t**3/3 - 3*t**2/2 + 36*t. Determine s(-5).
-13
Suppose 0 = -0*x + 5*x + 2*d - 108, 3*d + 3 = 0. Let b = -24 + x. Let u(y) = y + 3. What is u(b)?
1
Let x(v) = 2*v**2 + 5*v - 2. Let m be ((-4)/(-6))/(1/(-6)). Calculate x(m).
10
Let v = -14 - -26. Suppose -2*q = -6*q - v. Let g(x) = 3*x**2 + 1 + 0 + x**3 - 3. Calculate g(q).
-2
Let t(g) be the first derivative of -2*g**3/3 - 5*g**2/2 - 3*g + 1. Suppose -4*c = -2*u + 4*u + 6, -12 = 3*c - u. Give t(c).
-6
Let c(o) = -o**3 - 10*o**2 - o - 4. Let u be c(-10). Let d(y) = -u - 2*y**3 + 2*y - 6*y**2 + 0 + y**3 - 3*y. Calculate d(-6).
0
Let q(y) = -3*y**2 + 2*y**2 + 3 + 0*y - y. Let l(f) = f**2 - 8*f - 12. Let n be l(9). Let i be n*1/(-3)*0. Calculate q(i).
3
Let j(i) = 2*i - 2 + 3*i - 4*i. Let n(r) = r**2 - 7*r + 4. Let p be n(5). Determine j(p).
-8
Let i(q) be the second derivative of -q**3/2 - 4*q**2 + 29*q. Suppose -3*s + r = 18, -4*s + 7*r - 3*r = 24. Calculate i(s).
10
Suppose 3*v - v + 12 = 4*m, -5*m = -2*v - 15. Suppose 4*w = -v*w - 20. Let l(r) be the third derivative of -r**5/60 - r**4/4 + r**3/6 - 2*r**2. Calculate l(w).
6
Let j(n) = n**3 - 13*n**2 + 12*n + 2. Let o be j(12). Let w(s) = 0*s**2 + s**2 + 2*s + 2*s**2 - 5*s**o - s**3. Give w(-3).
3
Let z = 2 - 1. Let o(u) = -3*u + 17. Let b be o(5). Let n(a) = 0 + a - 3*a + 2 + a**b - z. What is n(2)?
1
Let q(p) be the third derivative of -2*p**2 + 0*p + 1/24*p**4 + 2/3*p**3 + 1/120*p**6 + 0*p**5 + 0. Suppose 5*k = -0*k + u, 0 = -4*k - 4*u. What is q(k)?
4
Let g(b) = b**2 + 3*b - 5. Let d be (-5)/(2 + -2 - 1). Suppose 2*p - 16 = p + 4*h, -5 = d*p - 3*h. What is g(p)?
-1
Suppose -3*i - 3*v = -4*v - 16, -4*v - 12 = i. Let j(m) = m**2 - 2*m - 4. Calculate j(i).
4
Let h(g) = -g - 10. Suppose 5*v = -1 - 54. Let o be h(v). Let a(z) = 3*z**3 + 2*z**2 - 1. Determine a(o).
4
Let f(v) = -7*v. Let j be f(-9). Let i be (-2)/(-7) - (-45)/j. Let h(s) = 4*s**3 - s**2 + 2*s - 1. What is h(i)?
4
Let p = 143 - 155. Let j(n) = n**3 + 13*n**2 + 12*n - 1. Give j(p).
-1
Let y(f) = 11*f - 2. Let x(g) = 7*g - 1. Suppose -2*w + 29 = -5*r, 2*r + 21 - 1 = 5*w. Let d(t) = r*y(t) + 8*x(t). What is d(-4)?
-2
Let z(o) = o**3 - 4*o**2 - 3*o - 6. Let q(j) be the first derivative of -j**4/4 + 5*j**3/3 + j**2 + 3*j - 1. Let i be q(5). Let f = i + -8. What is z(f)?
4
Let p(j) = j + 9. Let u be 7/14 + (-18)/(-4). Suppose u*h + 25 = 5. What is p(h)?
5
Let x(c) = -7*c - 12. Let o(j) = 4*j + 6. Let p(s) = 5*o(s) + 3*x(s). Calculate p(-10).
4
Let m(h) = h**2 - 4*h. Suppose 22 = 5*q + 7. What is m(q)?
-3
Let q(k) = -2*k + 1. Let g(c) = c - 1. Let s(a) = 7*g(a) + 4*q(a). Give s(7).
-10
Let z(v) be the second derivative of -2*v**3/3 - 3*v**2 + 4*v. What is z(-4)?
10
Let a(d) = -d**3 + 13*d**2 - d + 15. Let j be a(13). Let t(y) be the first derivative of 2 + 1/3*y**3 + y**j + 0*y. What is t(-3)?
3
Let g(j) = -j - 3. Let x(n) = n**3 + 5*n**2 + 6*n + 8. Let q be x(-4). What is g(q)?
-3
Let y(u) be the first derivative of u**3/6 - 5*u**2 - 2*u + 4. Let b(o) be the first derivative of y(o). What is b(5)?
-5
Let j be (0 - 3/(-9))*-3. Let i(d) = 10*d**3 + d**2 + d + 1. Determine i(j).
-9
Let x(t) = t**3 - 5*t**2 + 3*t - 2. Let b be x(4). Let d(o) be the third derivative of -o**5/60 - o**4/4 + 5*o**3/6 + 4*o**2. What is d(b)?
5
Let k(j) = -15*j. Let i(p) = -p - 1. Let y be i(-2). What is k(y)?
-15
Let x(h) = h**3 - 3*h**2 - 6*h + 3. Let c(z) = 2*z + 4. Let j be c(-4). Let r = 10 + j. Suppose -s = b - 4, 14 + r = 5*s - 5*b. Calculate x(s).
-5
Let r(g) = 2*g**2 - 4*g + 1. Let o(x) = -3*x**2 + 9*x - 2. Let q(a) = -3*o(a) - 5*r(a). Suppose 20 = -5*m - 0*j + j, -4*m - 3*j - 35 = 0. Give q(m).
11
Let y(d) = 7*d**2 - d. Let p(m) = -m - 6. Let x be p(-7). Let f be y(x). Let h(l) = l**2 - 5*l - 1. Let v be h(f). Let t(b) = b - 5. Calculate t(v).
0
Let a(j) = -4*j + 1. Let x = 6 - 7. Let b(r) = r - 1. Let h(u) = x*a(u) - 3*b(u). Determine h(0).
2
Let d(c) = c + 5. Suppose 2 = 2*z + 4*o, 2*z + 2*o - 5*o + 26 = 0. Give d(z).
-2
Let z = 19 + -15. Let l(q) = -q**3 + 5*q**2 - 6*q + 3. Give l(z).
-5
Suppose 0 = -k + 2. Suppose 4*c + 18 = -k. Let p(u) be the second derivative of -u**3/6 + 3*u**2/2 + 4*u. What is p(c)?
8
Let z(g) = -g + 5. Suppose 0 = -3*u - 15, 4*m - 5 = -u + 2*u. Let h(q) = 2*q - 1. Let j be h(2). Suppose 2*i + 10 = 4*o, j*o + m*i = 3*i + 3. Determine z(o).
1
Let a(b) = 9*b**3 + b**2 - b - 1. Let v(j) = -2*j + 7. Let p be v(4). Determine a(p).
-8
Let p(b) = b + 3 + 2 - 1 + 3. Determine p(-6).
1
Let i(y) be the third derivative of y**7/1260 + y**6/720 - y**5/120 - 5*y**4/12 - 